 -j + 0*j - 5*l = -38. Let h = j - 25. Let i(w) = 3*w - 2 - 5*w - 1. Give i(h).
1
Let n(l) be the third derivative of l**4/8 + l**3/6 + l**2. Suppose -2*c = -5*s + 15, 4*s + c = -3*c + 12. Give n(s).
10
Let j(f) = f**2 - 14*f + 4. Let n be 4*2/8 + 13. Calculate j(n).
4
Let d(w) be the third derivative of 0 + 0*w - w**2 + 0*w**3 - 1/8*w**4. Let c = 48 - 44. Determine d(c).
-12
Let a be -2*(-4 - (-5)/10). Let w(p) = 1 - 4 - a*p - 2*p**2 + 5 + 2*p. What is w(-4)?
-10
Let u(k) = -42*k - 4. Let v be u(0). Let z(c) = 3*c**2 + 16*c + 9. Give z(v).
-7
Let f(p) = -2*p**2 + 12*p + 4. Let c(m) = -m - 1. Let w(q) = -6*c(q) - f(q). Calculate w(4).
10
Let c = 479 + -479. Let g(v) = v - 3*v**2 - 5 - 3*v**2 + 4*v**2 + v**2. What is g(c)?
-5
Let x(y) be the first derivative of -y**4/4 + 11*y**3/3 + 11*y**2/2 + 11*y + 6. Let t be x(12). Let d(m) = 6*m**3 + 2*m**2 - 1. Calculate d(t).
-5
Let v(s) be the first derivative of -s**2/2 - 3*s - 146. What is v(9)?
-12
Let y(w) = 10*w**3 - 9*w - 14. Let r(l) = -5*l**3 + 5*l + 8. Let s(u) = -7*r(u) - 4*y(u). Let o(h) = h**3 - 2*h**2 - 2*h - 2. Let m be o(3). Calculate s(m).
-4
Let v(a) = 3*a - 19. Let k be v(3). Let n(q) = 3*q + 15. Let p(u) = u + 1. Let x(r) = -n(r) + 2*p(r). Calculate x(k).
-3
Let j(m) = m**2 + 9*m + 7. Let x(a) = -a**2 - 31*a + 22. Let t be x(-32). What is j(t)?
17
Let r(x) be the first derivative of 1/4*x**4 + 7 + 0*x**2 - 20*x - 1/3*x**3. Give r(0).
-20
Let b = -6 + 10. Let m(o) = -16*o**2 + 31. Let c(d) = -7*d**2 + 2*d**2 - 6 + 4*d**2 + 4*d**2. Let q(v) = -11*c(v) - 2*m(v). Give q(b).
-12
Suppose 2 + 53 = 5*j. Let k(m) = -37*m + 12*m + j*m. Calculate k(-1).
14
Suppose -2*t = -t - 2. Let h(n) = 0 + 0*n**2 + 3*n - 2*n**2 + n**3 - 2 - 2*n + 4. What is h(t)?
4
Let n be (-10)/140*14/(-12). Let h(l) be the third derivative of -6*l**2 + 0 - 1/6*l**3 + 0*l - n*l**4 - 1/30*l**5 - 1/120*l**6. What is h(-2)?
3
Let o be (-9 - -18 - 4)*32/(-10). Let i(t) = t**3 + 15*t**2 - 16*t - 5. What is i(o)?
-5
Let d be (-40)/(-18) - (-2)/(-9). Let c(p) be the first derivative of 1/4*p**4 + 1/2*p**2 + p - 7 - p**3. Give c(d).
-1
Suppose 0 = -5*h + 16*h - 121. Let v(s) = h - 4*s + 11*s - s**2 - s. What is v(8)?
-5
Let a(l) = -l**3 + 4*l**2 - l + 3. Let k be a(4). Let w(i) = 16*i - 125. Let d(b) = -34*b + 271. Let s(h) = -6*d(h) - 13*w(h). What is s(k)?
3
Let l(a) = 4*a + 5. Let z(i) = 4*i + 4. Suppose 0 = -11*j + 71 - 5. Let r(o) = j*z(o) - 5*l(o). Let w = 0 + 1. Determine r(w).
3
Let h = -1 - 3. Let r(s) = -108 + s + 0*s + 106. Determine r(h).
-6
Suppose 0 = -5*o + 3*o - 6*o. Let z(s) = -s**2 - s - 15. Give z(o).
-15
Let g(n) = -29*n**2 + 3*n + 7. Let j(m) = -47*m**2 + 5*m + 11. Let v(w) = -8*g(w) + 5*j(w). Let z be -1 - 2*3/(-3). Calculate v(z).
-3
Let o = -94 - -95. Let a(s) = 20 - o - 7*s + 6*s - 2. Calculate a(9).
8
Let r(t) = -t. Let g(w) = 14. Let v(x) = -g(x) + 3*r(x). Give v(-14).
28
Let d = 4 + -4. Let g(b) = -2*b + d*b + b - 6 - 5. Let z = -23 + 17. Calculate g(z).
-5
Suppose -14*s + 18*s + 16 = 0. Let r(w) = w + 1. Let o(i) = -i - 3. Let l(p) = 3*o(p) + 5*r(p). Give l(s).
-12
Let v(q) = q**3 + 6*q**2 + q - 5. Let p be (1 - 4) + 0 + 6 + -7. Calculate v(p).
23
Let i(d) = -7*d - 27. Let u(l) = -20*l - 74. Let h(x) = 11*i(x) - 4*u(x). Give h(-5).
-16
Let u(b) = -5*b**3 + 4*b**2 - 21*b - 10. Let c(f) = -f**3 - f**2 - 4*f - 1. Let g(t) = -4*c(t) + u(t). Let p(h) = 2*h**2 - 1. Let j be p(-2). Calculate g(j).
8
Let b(m) be the second derivative of 1/3*m**4 + 1/120*m**6 - 3/20*m**5 - 13/2*m**2 + 10*m - m**3 + 0. Let w(i) be the first derivative of b(i). What is w(8)?
-6
Let a(v) = 9 - 11 - 9 + v. Suppose 5*t = 4*t, 5*d - t = 20. Suppose -d = -2*g + 8. Give a(g).
-5
Let w(n) = 14 - 7*n**2 + 13*n**2 - 6*n**2 + n**2 - 5 - 12*n. What is w(12)?
9
Let b(k) = 20 - 11 - 10. Let u(z) = -29*z + 4. Let i(x) = 5*b(x) + u(x). What is i(1)?
-30
Let z(s) = -s**2 + 2*s + 5. Let l(m) = 1. Let p(u) = 2. Let y(x) = -l(x) + p(x). Let n(c) = -6*y(c) + z(c). Determine n(1).
0
Let s(c) = 0*c + 2*c - 1 - 4*c**2 + 2*c**2. Let r(n) = -20*n + 1783. Let x be r(89). What is s(x)?
-13
Let x(r) = r**2 - 9*r + 2. Let p be (3 - (-18)/(-4))*-6. Let j be x(p). Suppose -4 - j = -3*c. Let h(n) = 2*n**2 - 2*n + 1. Calculate h(c).
5
Let r(a) be the third derivative of -a**6/120 - a**5/10 - a**4/8 - 2*a**3 - 5*a**2. Let f be r(-6). Let z(d) = -d - 1. Give z(f).
-7
Let v(r) = 5*r - 3. Let j be 1/(0 - (-5)/10). Calculate v(j).
7
Let q = -256 + 260. Let v(z) = -z**3 + 3*z**2 + 6*z - 4. What is v(q)?
4
Let d(s) be the second derivative of 4*s**3/3 + s**2/2 - 497*s. Determine d(2).
17
Let d be 2/(-8) + -15*(-2)/(-8). Let n(b) be the first derivative of -b**4/4 - b**3 + b**2 - 5*b + 1. Give n(d).
3
Let f(q) = -2*q**2 + 10*q - 3. Let j(k) = k**2 - 5*k + 1. Let a = -61 + 48. Let c(l) = a*j(l) - 6*f(l). Calculate c(6).
-1
Let a(m) = m + 1. Let z(r) = -r**2 + 8. Let o(c) = c + 9. Let n be o(-4). Let v(j) = n*a(j) - z(j). Give v(-4).
-7
Let k = -71 - -73. Suppose 0 = -2*i + 6, -2*i = -5*n - 0*n - 1. Let y(d) = -2*d + 2*d - n + 3 + d. Calculate y(k).
4
Let j be 12/54 - (-6)/135*-5. Let w(g) = 9*g + 5*g - 13*g - 4 + j. Determine w(4).
0
Let y(i) be the first derivative of -2*i**3/3 - 3*i - 92. Determine y(3).
-21
Let n(g) = -g + 11. Let q be -3*15/((-45)/4). Determine n(q).
7
Let k(o) be the third derivative of o**8/20160 - o**7/5040 + o**6/240 - o**5/2 + 24*o**2. Let p(q) be the third derivative of k(q). Calculate p(-4).
23
Let j(d) = d**3 + 5*d**2 + 4*d - 4. Let s be j(-3). Let u(a) = 2*a**3 + 3*a**s - 2*a + 4 + 0*a**2 - 3*a**3. Calculate u(3).
-2
Let x(i) = i**2 - 4*i - 8. Suppose -4*o - 3*g + 15 = 0, 6*g - 11*g = -5*o + 45. Calculate x(o).
4
Let k(c) = 9*c + 1. Let f = -47 + 35. Let h be 2/(-4)*f/3. What is k(h)?
19
Suppose -x = 3*m + 4, 0*m - 3*m = 3*x - 6. Let t be 5*(3/x + -1). Let f(d) = d + 1. Let j(a) = a**2 + 11*a + 10. Let k(u) = 22*f(u) - 2*j(u). Calculate k(t).
-6
Let s(g) be the second derivative of 2*g**3/3 + 17*g**2 + 129*g - 2. Calculate s(-11).
-10
Let c(l) = 5*l**2 - 1. Let n = 76 - 36. Let k = n - 29. Let f = k + -10. Determine c(f).
4
Let r(v) = 2*v - 1. Let o = -13 - -11. Let x be 12/15*5 - o. Determine r(x).
11
Suppose 32 = -46*n - 106. Let k(o) = -3*o - 3. Determine k(n).
6
Let b = -1143 - -1128. Let h(i) = -i - 6. Calculate h(b).
9
Let v(z) = 31*z**3 + 3*z**2 + 9*z - 9. Let c(k) = -44*k**3 - 5*k**2 - 13*k + 13. Let o(a) = 5*c(a) + 7*v(a). Calculate o(-2).
14
Let w(r) be the first derivative of -r**2/2 + 4*r + 2. Let n = -1075 + 1079. What is w(n)?
0
Suppose b - 1 - 5 = 0. Let c(g) be the second derivative of -g**8/6720 + g**7/420 - g**5/30 - g**4/2 - 6*g. Let p(v) be the third derivative of c(v). Give p(b).
-4
Let g(w) = -w + 1. Suppose 5*r - 2*r = 3. Let z = -6 + r. What is g(z)?
6
Let j(q) be the third derivative of q**6/120 + q**5/15 + 5*q**4/24 - q**3/6 + 17*q**2 - 5*q. What is j(-3)?
-7
Let s = -87 - -102. Suppose s = -2*p + 27. Let l(b) = -5*b + 6. Calculate l(p).
-24
Let s(p) be the third derivative of -p**5/60 + p**4/24 - 4*p**3/3 + 112*p**2. Determine s(0).
-8
Let v(q) = -2*q + 9. Let a(g) = -g**3 - g**2 + g + 4. Let k be a(-2). Determine v(k).
-3
Let b(h) = -2*h + 17. Let i(c) = c - 1. Let n(r) = b(r) + 3*i(r). Let s be n(-14). Let g(x) be the first derivative of x**2/2 - x + 12. Determine g(s).
-1
Let k(n) = 12*n**3 - 5*n**2 - 5*n + 3. Let t(j) = 7 + 3*j - 6*j**3 + 3*j**2 + 11 - 20. Let p(h) = -3*k(h) - 5*t(h). Determine p(-1).
7
Let p be (0/(-2))/2 - 0. Let x(q) = -5*q - 4. Let l(f) = 11*f + 9. Suppose 4*m - 4 - 20 = 0. Let k(j) = m*l(j) + 13*x(j). Give k(p).
2
Let w(i) be the third derivative of -i**6/120 - 7*i**5/60 - i**4/24 + 2*i**3/3 - 5*i**2 - 20*i. What is w(-6)?
-26
Let n(a) = -a + 2140 - 4282 + 2141. Let y = 0 - 0. Determine n(y).
-1
Let y(d) = d - 2*d**2 + d**2 - d**3 - 5*d**2 + 5*d**2. Let f be y(1). Let c(u) = 137 - 8*u**3 - 137 - u**2. Give c(f).
7
Suppose 44*p = -25*p + 1173. Let r(v) = -v - 2. Determine r(p).
-19
Let r(o) = -4*o**2 + o + 2. Let m(i) = -26*i**2 + 9*i + 6. Let k(j) = m(j) - 6*r(j). Calculate k(-4).
-50
Let y(c) = 6*c**3 - c + 1. Let l(g) be the second derivative of 7*g**5/20 + g**4/12 - g**3/3 + g**2/2 - 19*g. Let k(v) = -5*l(v) + 6*y(v). What is k(3)?
-5
Let j(c) = -3*c**2 - 2*c + 5. Let b(q) = 0*q**